 greatest common factor of 7810 and 770?
110
What is the greatest common factor of 1832 and 1528?
8
What is the greatest common divisor of 12012390 and 10?
10
Calculate the greatest common divisor of 1800 and 1000.
200
What is the highest common divisor of 824 and 218051?
103
Calculate the greatest common factor of 6 and 2454.
6
What is the greatest common factor of 45 and 3730?
5
Calculate the highest common factor of 128 and 926336.
128
Calculate the greatest common factor of 24 and 2420868.
12
What is the greatest common divisor of 8383 and 2407?
83
What is the highest common divisor of 135654 and 1656?
138
Calculate the highest common factor of 2555 and 25.
5
Calculate the highest common divisor of 164 and 1784.
4
Calculate the highest common divisor of 1027 and 832.
13
Calculate the greatest common factor of 230 and 766590.
230
What is the highest common factor of 428 and 35417?
107
What is the greatest common divisor of 946 and 11266?
86
What is the highest common divisor of 219309 and 123?
123
Calculate the greatest common divisor of 6873 and 377.
29
Calculate the greatest common divisor of 5456 and 155.
31
Calculate the highest common factor of 54525 and 75.
75
What is the highest common factor of 707386 and 134?
134
Calculate the highest common divisor of 8960512 and 688.
688
What is the highest common divisor of 404544 and 441?
147
Calculate the greatest common factor of 721710 and 330.
330
What is the greatest common divisor of 48 and 9642?
6
What is the highest common factor of 7618 and 13?
13
Calculate the greatest common divisor of 707650 and 150.
50
What is the highest common factor of 70 and 3008495?
35
What is the greatest common factor of 767 and 51857?
13
Calculate the highest common divisor of 1956534 and 1256.
314
What is the greatest common factor of 530 and 65?
5
What is the highest common factor of 24 and 434904?
24
Calculate the highest common factor of 123424 and 380.
76
What is the greatest common divisor of 15 and 32955?
15
What is the highest common divisor of 7370 and 12931?
67
Calculate the greatest common factor of 68 and 414052.
68
Calculate the highest common divisor of 14 and 106043.
7
Calculate the highest common factor of 133 and 7168.
7
Calculate the highest common divisor of 405 and 16285.
5
What is the greatest common factor of 10278319 and 2669?
2669
What is the highest common divisor of 1038 and 183?
3
Calculate the highest common factor of 458598 and 427.
427
Calculate the greatest common divisor of 15593 and 2511.
31
What is the highest common divisor of 17083 and 99?
11
Calculate the highest common divisor of 950 and 3200.
50
What is the highest common divisor of 80359 and 4930?
493
Calculate the greatest common factor of 180664 and 968.
88
What is the greatest common factor of 102342 and 444?
222
Calculate the highest common factor of 2282 and 39609.
163
What is the greatest common divisor of 133 and 153377?
7
What is the greatest common divisor of 270 and 2400?
30
What is the highest common divisor of 54 and 50364?
18
What is the highest common factor of 55290 and 190?
190
What is the greatest common factor of 140 and 2191?
7
Calculate the greatest common factor of 3898039 and 47.
47
Calculate the greatest common factor of 53159 and 413.
59
What is the greatest common factor of 19345 and 70810?
365
Calculate the highest common divisor of 27 and 1369.
1
What is the highest common divisor of 2091113 and 263?
263
What is the greatest common divisor of 7081 and 8536?
97
What is the greatest common factor of 3140 and 4344190?
1570
Calculate the highest common factor of 1420 and 57865.
355
Calculate the highest common divisor of 123 and 718689.
123
Calculate the greatest common factor of 14484 and 782988.
852
Calculate the highest common divisor of 462 and 319200.
42
What is the greatest common divisor of 24475 and 165?
55
Calculate the greatest common divisor of 936 and 1084200.
312
What is the greatest common factor of 17360 and 18620?
140
Calculate the highest common factor of 462 and 4396.
14
Calculate the greatest common factor of 95712 and 480.
96
What is the greatest common divisor of 86848 and 92?
92
What is the greatest common factor of 13261 and 1192?
149
Calculate the greatest common divisor of 32946 and 221.
17
What is the highest common divisor of 93832 and 11544?
296
Calculate the highest common factor of 15075 and 1075.
25
Calculate the highest common divisor of 191 and 66659.
191
What is the greatest common divisor of 140 and 1762670?
70
What is the greatest common divisor of 3190 and 3480?
290
Calculate the highest common factor of 432129 and 522.
87
Calculate the highest common factor of 269650 and 150.
50
What is the highest common factor of 5875910 and 2510?
2510
Calculate the greatest common divisor of 29211 and 651.
21
Calculate the greatest common divisor of 180 and 11430.
90
What is the highest common divisor of 7749 and 95284?
287
Calculate the highest common factor of 74652 and 336.
12
What is the greatest common factor of 149319 and 36?
9
Calculate the highest common factor of 37593 and 45.
9
Calculate the greatest common factor of 655950 and 150.
150
What is the greatest common factor of 1378013 and 91?
91
What is the highest common divisor of 268 and 1611082?
134
What is the greatest common factor of 4508 and 21482?
46
Calculate the greatest common divisor of 10285 and 1595.
55
What is the highest common factor of 205351 and 22553?
1187
Calculate the greatest common factor of 21185 and 259795.
1115
What is the greatest common divisor of 192 and 612624?
48
What is the highest common divisor of 1004 and 707318?
502
What is the greatest common factor of 130 and 691015?
65
Calculate the greatest common factor of 709343 and 23.
23
What is the greatest common factor of 192122 and 14?
14
Calculate the highest common factor of 42 and 344463.
21
What is the greatest common divisor of 1432 and 29714?
358
What is the highest common divisor of 375 and 13875?
375
What is the highest common factor of 390841 and 33?
11
Calculate the highest common factor of 11287864 and 142.
142
What is the highest common factor of 470 and 42065?
235
Calculate the highest common factor of 10411 and 29.
29
Calculate the greatest common divisor of 17152 and 106688.
64
What is the greatest common factor of 32 and 591568?
16
What is the highest common divisor of 618 and 269242?
206
What is the highest common divisor of 1137 and 8?
1
Calculate the greatest common divisor of 1225520 and 80.
80
What is the greatest common divisor of 24 and 64845?
3
What is the highest common divisor of 154 and 130018?
14
What is the highest common divisor of 5632 and 304?
16
Calculate the greatest common factor of 15 and 101055.
15
What is the highest common divisor of 2590616 and 56?
56
What is the greatest common divisor of 75336 and 42?
6
Calculate the highest common factor of 198924 and 3993.
363
What is the greatest common divisor of 1140 and 33440?
380
What is the greatest common factor of 839498 and 5808?
242
What is the highest common factor of 678 and 9516?
6
What is the highest common factor of 301 and 707?
7
Calculate the highest common factor of 527 and 591447.
17
What is the greatest common factor of 84 and 6276?
12
Calculate the highest common divisor of 52 and 117.
13
What is the highest common factor of 4224 and 18208?
32
Calculate the highest common factor of 5785 and 403793.
1157
Calculate the greatest common divisor of 150025 and 1700.
425
What is the highest common divisor of 204 and 729?
3
What is the highest common divisor of 246 and 825?
3
Calculate the greatest common factor of 27 and 641025.
9
What is the greatest common divisor of 4950 and 45600?
150
Calculate the highest common factor of 7106 and 19382.
22
What is the greatest common divisor of 129 and 2778?
3
What is the greatest common factor of 88782 and 6?
6
What is the highest common factor of 870232 and 682?
682
What is the highest common factor of 24 and 270296?
8
Calculate the highest common divisor of 12060 and 16750.
670
Calculate the greatest common divisor of 2 and 11138.
2
Calculate the greatest common factor of 284 and 10721.
71
What is the highest common divisor of 1024885 and 710?
355
Calculate the greatest common factor of 12 and 1